68729?
68729
What are the prime factors of 901?
17, 53
List the prime factors of 7382.
2, 3691
List the prime factors of 10312.
2, 1289
List the prime factors of 50715.
3, 5, 7, 23
List the prime factors of 2500.
2, 5
What are the prime factors of 11203?
17, 659
What are the prime factors of 917?
7, 131
What are the prime factors of 3780?
2, 3, 5, 7
What are the prime factors of 2117?
29, 73
List the prime factors of 2665.
5, 13, 41
What are the prime factors of 249?
3, 83
List the prime factors of 2656.
2, 83
What are the prime factors of 5393?
5393
What are the prime factors of 56482?
2, 31, 911
List the prime factors of 36065.
5, 7213
What are the prime factors of 139561?
67, 2083
What are the prime factors of 9987?
3, 3329
List the prime factors of 336.
2, 3, 7
List the prime factors of 3032.
2, 379
What are the prime factors of 1105?
5, 13, 17
List the prime factors of 4857.
3, 1619
List the prime factors of 10914.
2, 3, 17, 107
What are the prime factors of 534?
2, 3, 89
List the prime factors of 62715.
3, 5, 37, 113
What are the prime factors of 1317?
3, 439
What are the prime factors of 140?
2, 5, 7
What are the prime factors of 211?
211
What are the prime factors of 3520?
2, 5, 11
List the prime factors of 64.
2
What are the prime factors of 1664?
2, 13
What are the prime factors of 1649?
17, 97
List the prime factors of 19159.
7, 17, 23
List the prime factors of 18134.
2, 9067
List the prime factors of 506.
2, 11, 23
List the prime factors of 3085.
5, 617
List the prime factors of 1312.
2, 41
What are the prime factors of 172?
2, 43
List the prime factors of 95324.
2, 23831
What are the prime factors of 15666?
2, 3, 7, 373
List the prime factors of 2818.
2, 1409
What are the prime factors of 17719?
13, 29, 47
What are the prime factors of 89161?
163, 547
List the prime factors of 12490.
2, 5, 1249
What are the prime factors of 990?
2, 3, 5, 11
List the prime factors of 14213.
61, 233
What are the prime factors of 22807?
22807
List the prime factors of 191.
191
List the prime factors of 106.
2, 53
List the prime factors of 5074.
2, 43, 59
List the prime factors of 173320.
2, 5, 7, 619
List the prime factors of 10076.
2, 11, 229
What are the prime factors of 12694?
2, 11, 577
What are the prime factors of 1971?
3, 73
What are the prime factors of 449?
449
What are the prime factors of 17362?
2, 8681
List the prime factors of 321.
3, 107
What are the prime factors of 378?
2, 3, 7
What are the prime factors of 8828?
2, 2207
List the prime factors of 1178.
2, 19, 31
List the prime factors of 9244.
2, 2311
What are the prime factors of 7093?
41, 173
List the prime factors of 5315.
5, 1063
What are the prime factors of 30269?
30269
List the prime factors of 57950.
2, 5, 19, 61
List the prime factors of 2617.
2617
List the prime factors of 42345.
3, 5, 941
What are the prime factors of 7114?
2, 3557
List the prime factors of 4879.
7, 17, 41
List the prime factors of 16893.
3, 1877
List the prime factors of 5330.
2, 5, 13, 41
What are the prime factors of 776?
2, 97
List the prime factors of 2832.
2, 3, 59
What are the prime factors of 6753?
3, 2251
List the prime factors of 4684.
2, 1171
List the prime factors of 11486.
2, 5743
What are the prime factors of 31605?
3, 5, 7, 43
What are the prime factors of 101238?
2, 3, 47, 359
What are the prime factors of 1853?
17, 109
What are the prime factors of 1725?
3, 5, 23
List the prime factors of 3903.
3, 1301
List the prime factors of 16378.
2, 19, 431
List the prime factors of 625.
5
What are the prime factors of 8830?
2, 5, 883
List the prime factors of 15752.
2, 11, 179
What are the prime factors of 2700?
2, 3, 5
List the prime factors of 34670.
2, 5, 3467
What are the prime factors of 6330?
2, 3, 5, 211
What are the prime factors of 1435?
5, 7, 41
List the prime factors of 471.
3, 157
What are the prime factors of 47693?
37, 1289
What are the prime factors of 1462?
2, 17, 43
List the prime factors of 7024.
2, 439
List the prime factors of 4558.
2, 43, 53
List the prime factors of 8793.
3, 977
List the prime factors of 3437.
7, 491
What are the prime factors of 48679?
48679
What are the prime factors of 83339?
83339
What are the prime factors of 2237?
2237
What are the prime factors of 3440?
2, 5, 43
What are the prime factors of 5685?
3, 5, 379
What are the prime factors of 14783?
14783
What are the prime factors of 1264?
2, 79
List the prime factors of 38240.
2, 5, 239
What are the prime factors of 6656?
2, 13
List the prime factors of 30632.
2, 7, 547
What are the prime factors of 20127?
3, 6709
List the prime factors of 16470.
2, 3, 5, 61
List the prime factors of 2486.
2, 11, 113
What are the prime factors of 714?
2, 3, 7, 17
What are the prime factors of 5192?
2, 11, 59
What are the prime factors of 1316?
2, 7, 47
List the prime factors of 1587.
3, 23
List the prime factors of 727.
727
List the prime factors of 22259.
22259
What are the prime factors of 31879?
71, 449
List the prime factors of 229.
229
List the prime factors of 5080.
2, 5, 127
What are the prime factors of 4277?
7, 13, 47
List the prime factors of 17087.
7, 2441
List the prime factors of 3611.
23, 157
What are the prime factors of 10819?
31, 349
List the prime factors of 50761.
23, 2207
What are the prime factors of 105445?
5, 21089
What are the prime factors of 3466?
2, 1733
What are the prime factors of 960?
2, 3, 5
List the prime factors of 772.
2, 193
What are the prime factors of 529?
23
What are the prime factors of 55975?
5, 2239
What are the prime factors of 20845?
5, 11, 379
What are the prime factors of 47478?
2, 3, 41, 193
What are the prime factors of 18245?
5, 41, 89
What are the prime factors of 2180?
2, 5, 109
List the prime factors of 1188.
2, 3, 11
What are the prime factors of 372?
2, 3, 31
List the prime factors of 7923.
3, 19, 139
List the prime factors of 3052.
2, 7, 109
What are the prime factors of 63026?
2, 31513
What are the prime factors of 13071?
3, 4357
List the prime factors of 137448.
2, 3, 23, 83
What are the prime factors of 128420?
2, 5, 6421
What are the prime factors of 11543?
7, 17, 97
What are the prime factors of 3731?
7, 13, 41
List the prime factors of 18172.
2, 7, 11, 59
List the prime factors of 150541.
47, 3203
What are the prime factors of 91523?
19, 4817
What are the prime factors of 69664?
2, 7, 311
List the prime factors of 348.
2, 3, 29
List the prime factors of 49356.
2, 3, 457
List the prime factors of 960.
2, 3, 5
What are the prime factors of 1179?
3, 131
List the prime factors of 2209.
47
What are the prime factors of 748?
2, 11, 17
What are the prime factors of 20384?
2, 7, 13
What are the prime factors of 906?
2, 3, 151
What are the prime factors of 1493?
1493
List the prime factors of 12481.
7, 1783
What are the prime factors of 26394?
2, 3, 53, 83
List the prime factors of 34632.
2, 3, 13, 37
List the prime factors of 1617.
3, 7, 11
List the prime factors of 22367.
22367
What are the prime factors of 1458?
2, 3
List the prime factors of 41033.
37, 1109
What are the prime factors of 136191?
3, 11, 4127
List the prime factors of 6326.
2, 3163
List the prime factors of 355.
5, 71
List the prime factors of 54695.
5, 10939
List the prime factors of 71102.
2, 73, 487
List the prime factors of 639.
3, 71
What are the prime factors of 2201?
31, 71
What are the prime factors of 12484?
2, 3121
What are the prime factors of 1077?
3, 359
List the prime factors of 3447.
3, 383
What are the prime factors of 53864?
2, 6733
What are the prime factors of 1471?
1471
List the prime factors of 35744.
2, 1117
What are the prime factors of 2660?
2, 5, 7, 19
List the prime factors of 1050.
2, 3, 5, 7
List the prime factors of 106.
2, 53
List the prime factors of 10190.
2, 5, 1019
What are the prime factors of 44724?
2, 3, 3727
What are the prime factors of 97616?
2, 6101
What are the prime factors of 25957?
101, 257
List the prime factors of 491.
491
List the prime factors of 312.
2, 3, 13
List the prime factors of 5704.
2, 23, 31
List the prime factors of 110.
2, 5, 11
What are the prime factors of 35521?
35521
List the prime factors of 28987.
7, 41, 101
What are the prime factors of 159528?
2, 3, 17, 23
List the prime factors of 11081.
7, 1583
List the prime factors of 8789.
11, 17